2
In base 7, what is 24 + -14221?
-14164
In base 4, what is 30011 - 10001?
20010
In base 5, what is 312434 - -131?
313120
In base 2, what is -10001100100011001 + -100?
-10001100100011101
In base 11, what is -1236 + 42?
-11a4
In base 10, what is 547991 - -5?
547996
In base 9, what is 5 + -7412?
-7406
In base 4, what is 11122 - -1033?
12221
In base 9, what is -7063 + 6?
-7056
In base 5, what is 221200 + 301?
222001
In base 13, what is 31 - -1461?
1492
In base 14, what is -50910 + 4?
-5090a
In base 6, what is 154350 + -5?
154341
In base 11, what is -32 + -58?
-8a
In base 12, what is -1 + -3318b?
-33190
In base 2, what is 10 - 10110011000100?
-10110011000010
In base 16, what is 3 - 2682?
-267f
In base 4, what is -3 + -1321232?
-1321301
In base 9, what is -461 + 3373?
2812
In base 3, what is 1122020121 - -11?
1122020202
In base 16, what is -34f8 + 0?
-34f8
In base 8, what is 31065 + -21?
31044
In base 13, what is 8c75 - -1?
8c76
In base 14, what is 2 + -10d28?
-10d26
In base 9, what is -161 + -366?
-537
In base 14, what is -36c77 - 2?
-36c79
In base 15, what is -3 + 6212?
620e
In base 16, what is a8f2 + -f?
a8e3
In base 12, what is -20b + -3272?
-3481
In base 13, what is -13c + -b76?
-cb5
In base 13, what is a63 + 4?
a67
In base 4, what is 2201203 - -11?
2201220
In base 14, what is -8966 + -3?
-8969
In base 5, what is 11 + 123301303?
123301314
In base 12, what is -1101 + -5b?
-1160
In base 10, what is 56518 + 5?
56523
In base 3, what is -2002221 + -2000?
-2011221
In base 3, what is 10121221011 + 10?
10121221021
In base 3, what is 10101 + -211011?
-200210
In base 16, what is f + 9563?
9572
In base 14, what is 1 - 96da7?
-96da6
In base 2, what is 11 - -111101011101?
111101100000
In base 13, what is -747 + 92c?
1b5
In base 16, what is 1 - -6d4c2?
6d4c3
In base 3, what is -11 + -21112120121?
-21112120202
In base 4, what is 10133320 + 3?
10133323
In base 14, what is -12 + 3225?
3213
In base 5, what is 1130212 - 2?
1130210
In base 2, what is 1011011110010 - 111?
1011011101011
In base 13, what is -1 - -311cb?
311ca
In base 13, what is -8 - -19a0?
1995
In base 2, what is -10011 - -1110100001011101?
1110100001001010
In base 14, what is -3 + 47b9?
47b6
In base 12, what is -340 - 3b9?
-739
In base 9, what is -26803 + 4?
-26788
In base 8, what is 4 - 27606?
-27602
In base 4, what is 313010 + 300?
313310
In base 10, what is -38 + -16874?
-16912
In base 5, what is 0 - -202?
202
In base 7, what is 33120 - 436?
32351
In base 2, what is 101 + 10100001111100110?
10100001111101011
In base 3, what is -11 - 1121000?
-1121011
In base 10, what is -1529 - -135?
-1394
In base 11, what is 14049 - -3?
14051
In base 4, what is -103222212 - -10?
-103222202
In base 15, what is 498b + -3?
4988
In base 13, what is 1 + -364c8?
-364c7
In base 12, what is -389 + -157?
-524
In base 11, what is -23746 + -3?
-23749
In base 9, what is 31 - -5113?
5144
In base 6, what is -2544 - -3052?
104
In base 5, what is 1 - -100203214?
100203220
In base 13, what is -7 + -55ba6?
-55bb0
In base 4, what is 1011 - -20210?
21221
In base 7, what is -5 - 446454?
-446462
In base 2, what is 110101110110100011001 - 100?
110101110110100010101
In base 8, what is 3 - 1430204?
-1430201
In base 6, what is -5 - 102334?
-102343
In base 15, what is -ec + -1c1?
-2bd
In base 10, what is 6484 - 17?
6467
In base 2, what is 101011000100 + 101?
101011001001
In base 3, what is -101221201102 - 12?
-101221201121
In base 13, what is -166 + -3072?
-3208
In base 12, what is 115882 - 5?
115879
In base 14, what is -4d - -668?
619
In base 9, what is -6 + -286?
-303
In base 3, what is 101001 - 12112?
11112
In base 5, what is 304331 + 13?
304344
In base 15, what is 79d + 1c?
7ba
In base 5, what is -14412 + 2431?
-11431
In base 13, what is a + 1c8b?
1c98
In base 12, what is 14 + 3573?
3587
In base 15, what is -29d - -21?
-27c
In base 3, what is 22 - -100001220110?
100001220202
In base 3, what is -1110 - 2010012011?
-2010020121
In base 6, what is -24055 + -1?
-24100
In base 9, what is 170042 - 11?
170031
In base 10, what is -4 + -59437?
-59441
In base 12, what is -1918 - -34?
-18a4
In base 8, what is 20 - -4060?
4100
In base 15, what is -e3a + 0?
-e3a
In base 6, what is 3 + 224125?
224132
In base 9, what is -2 - -16628?
16626
In base 15, what is -1368 + -42?
-13aa
In base 2, what is 11001101101000110 - 0?
11001101101000110
In base 11, what is 6499 - 173?
6326
In base 5, what is 44124 + 22230?
121404
In base 8, what is 71 - -4736?
5027
In base 7, what is 115624 + -3?
115621
In base 16, what is -1e - 295?
-2b3
In base 12, what is -1a5962 - 4?
-1a5966
In base 2, what is -10011010001101010 - -1101?
-10011010001011101
In base 11, what is 319a15 + 3?
319a18
In base 16, what is -1b70 - 25?
-1b95
In base 11, what is 76 + 1034?
10aa
In base 14, what is -3 - -6934?
6931
In base 14, what is -55b - 140?
-69b
In base 14, what is 22166 - -3?
22169
In base 16, what is -1c1 + ba?
-107
In base 3, what is -11212011111010 + 10?
-11212011111000
In base 13, what is 9b19 - -20?
9b39
In base 9, what is -3226 - 143?
-3370
In base 11, what is -244 - -217?
-28
In base 15, what is -162e7a8 + 2?
-162e7a6
In base 6, what is -20223 - 1012?
-21235
In base 9, what is -4664 - 17?
-4682
In base 16, what is -3 - d6a8?
-d6ab
In base 4, what is 100 - -1023003?
1023103
In base 16, what is 8 - 2319?
-2311
In base 14, what is ab50 - 9?
ab45
In base 4, what is 1232 - 2022220?
-2020322
In base 15, what is 5 - 208307?
-208302
In base 8, what is 0 - -221747?
221747
In base 6, what is -1 + -345120?
-345121
In base 5, what is 122 + -14202?
-14030
In base 10, what is -252192 - -4?
-252188
In base 7, what is -21 + -2123402?
-2123423
In base 6, what is 5 - -1130142?
1130151
In base 13, what is 7322 + -10?
7312
In base 12, what is 4 - 1b1?
-1a9
In base 5, what is 1230130 + -10?
1230120
In base 3, what is -2212 - 110022?
-120011
In base 5, what is 104013 - 3?
104010
In base 12, what is 16 - -452?
468
In base 8, what is 3 + 421454?
421457
In base 3, what is 2 + 100121210212?
100121210221
In base 16, what is 2e670 + -13?
2e65d
In base 7, what is 24112245 + -2?
24112243
In base 14, what is d43 + 1a?
d5d
In base 5, what is -42030 - -31?
-41444
In base 7, what is 100113 + 2?
100115
In base 9, what is -63303 - -3?
-63300
In base 9, what is 12 - 6561?
-6548
In base 9, what is -3 + -115624?
-115627
In base 4, what is -11103310 + -233?
-11110203
In base 2, what is -1101101111110 - 1100101?
-1101111100011
In base 10, what is 51 + -2240?
-2189
In base 13, what is 4 + -183?
-17c
In base 14, what is -27 + -46c?
-495
In base 9, what is -5 - -33357?
33352
In base 12, what is -1227 - 65?
-1290
In base 15, what is e4 + 3017?
310b
In base 10, what is 2847 + 24?
2871
In base 16, what is -1 + -27fdf?
-27fe0
In base 14, what is 45 - 1518?
-14b3
In base 14, what is -d1 - -c2?
-d
In base 10, what is -60676 - -9?
-60667
In base 16, what is -16ae21 + -5?
-16ae26
In base 15, what is -1 + 13104?
13103
In base 10, what is -1 + 1985?
1984
In base 8, what is -221 + 31?
-170
In base 14, what is a211a - 4?
a2116
In base 5, what is 2040 + 11002?
13042
In base 12, what is 5a9ab + -6?
5a9a5
In base 5, what is 133424 + -40?
133334
In base 9, what is -77 + 61?
-16
In base 16, what is -5 - -c9116?
c9111
In base 11, what is 2a + -5947?
-5918
In base 2, what is 110010 + 100011100101?
100100010111
In base 4, what is -11 - -20232131?
20232120
In base 6, what is 2 - -4422314?
4422320
In base 2, what is -111001101100 - -1010?
-111001100010
In base 9, what is 404803 + 6?
404810
In base 14, what is -57 + 142?
c9
In base 13, what is -17 - cb2?
-cc9
In base 11, what is 3 - 25503?
-25500
In base 7, what is -53 - 436?
-522
In base 16, what is 18 + 30d?
325
In base 10, what is -1 - -3612?
3611
In base 10, what is -3 + -36928?
-36931
In base 15, what is 5 - -e5e76?
e5e7b
In base 15, what is 57 - -b923?
b97a
In base 5, what is -2102 + -234?
-2341
In base 14, what is b3b1 - 2c?
b383
In base 15, what is e6 - -8?
ee
In base 15, what is 7 - 442ca?
-442c3
In base 9, what is 3686 - 11?
3675
In base 11, what is 4939 - -579?
5407
In base 14, what is -19d - -9b0?
811
In base 6, what is -200 - -3402?
3202
In base 10, what is 616 + -88?
528
In base 13, what is 8 - 40bc?
-40b4
In base 14, what is 713 + 18?
72b
In base 12, what is -3 + a6095?
a6